{"id":1881,"date":"2023-10-04T17:22:36","date_gmt":"2023-10-04T15:22:36","guid":{"rendered":"https:\/\/www.anett.fr\/?page_id=1881"},"modified":"2024-02-29T16:35:21","modified_gmt":"2024-02-29T15:35:21","slug":"actualites","status":"publish","type":"page","link":"https:\/\/www.anett.fr\/index.php\/decouvrir-anett\/actualites\/","title":{"rendered":"Actualit\u00e9s"},"content":{"rendered":"\n<h2>\n\t\tNos actualit\u00e9s\n\t<\/h2>\n\t\t\t\t<img loading=\"lazy\" decoding=\"async\" src=\"https:\/\/www.anett.fr\/wp-content\/uploads\/2023\/05\/etoile.png\" alt=\"etoile\" itemprop=\"image\" height=\"222\" width=\"236\" title=\"etoile\" onerror=\"this.style.display='none'\"  \/>\n<h2>\n\t\tDerni\u00e8res nouvelles, nouveaux projets\n\t<\/h2>\n<h2>\n\t\tL&rsquo;actualit\u00e9 en direct de chez Anett\n\t<\/h2>\n\t<meta itemscope itemprop=\"mainEntityOfPage\" itemtype=\"https:\/\/schema.org\/WebPage\" itemid=\"https:\/\/www.anett.fr\/agissons-a-la-source-2\/\" content=\"Visite ma blanchisserie\" \/><meta itemprop=\"datePublished\" content=\"2023-05-29\" \/><meta itemprop=\"dateModified\" content=\"2024-02-28\" \/><meta itemprop=\"name\" content=\"Anett\"\/><meta itemprop=\"url\" content=\"https:\/\/www.anett.fr\/author\/benja71\/\" \/><meta itemprop=\"name\" content=\"Benjamin Jourand\" \/><meta itemprop=\"url\" content=\"https:\/\/www.anett.fr\/wp-content\/uploads\/2023\/05\/affiche-journee-des-droits-de-la-femme-1.png\" \/><meta itemprop=\"width\" content=\"2000\" \/><meta itemprop=\"height\" content=\"1414\" \/><meta itemprop=\"interactionType\" content=\"https:\/\/schema.org\/CommentAction\" \/><meta itemprop=\"userInteractionCount\" content=\"0\" \/>\n\t<a href='https:\/\/www.anett.fr\/agissons-a-la-source-2\/' title='Visite ma blanchisserie'><img width=\"1024\" height=\"724\" src=\"https:\/\/www.anett.fr\/wp-content\/uploads\/2023\/05\/affiche-journee-des-droits-de-la-femme-1-1024x724.png\" alt=\"\" itemprop=\"image\" decoding=\"async\" loading=\"lazy\" srcset=\"https:\/\/www.anett.fr\/wp-content\/uploads\/2023\/05\/affiche-journee-des-droits-de-la-femme-1-1024x724.png 1024w, https:\/\/www.anett.fr\/wp-content\/uploads\/2023\/05\/affiche-journee-des-droits-de-la-femme-1-900x636.png 900w, https:\/\/www.anett.fr\/wp-content\/uploads\/2023\/05\/affiche-journee-des-droits-de-la-femme-1-768x543.png 768w, https:\/\/www.anett.fr\/wp-content\/uploads\/2023\/05\/affiche-journee-des-droits-de-la-femme-1-1536x1086.png 1536w, https:\/\/www.anett.fr\/wp-content\/uploads\/2023\/05\/affiche-journee-des-droits-de-la-femme-1-24x17.png 24w, https:\/\/www.anett.fr\/wp-content\/uploads\/2023\/05\/affiche-journee-des-droits-de-la-femme-1-36x25.png 36w, https:\/\/www.anett.fr\/wp-content\/uploads\/2023\/05\/affiche-journee-des-droits-de-la-femme-1-120x85.png 120w, https:\/\/www.anett.fr\/wp-content\/uploads\/2023\/05\/affiche-journee-des-droits-de-la-femme-1.png 2000w\" sizes=\"auto, (max-width: 1024px) 100vw, 1024px\" \/><\/a>\n<h3><a href='https:\/\/www.anett.fr\/agissons-a-la-source-2\/' title='Visite ma blanchisserie'>Visite ma blanchisserie<\/a><\/h3>\n\t<p>ANETT, entreprise familiale dans le domaine de la blanchisserie industrielle en France, s&#8217;engage pleinement dans la d\u00e9couverte et le recrutement des talents de demain. Dans cette optique, nous participons \u00e0 l&#8217;\u00e9v\u00e9nement &#8220;Visite ma Blanchisserie&#8221; initi\u00e9 par le Groupement des Entreprises Industrielles de Services Textiles (GEIST), qui se tiendra dans 17 de nos sites le 13 Mars.<\/p>\n\n\t<a href='https:\/\/www.anett.fr\/agissons-a-la-source-2\/' title='Lire la suite'>Lire la suite<\/a>\n\n\t<meta itemscope itemprop=\"mainEntityOfPage\" itemtype=\"https:\/\/schema.org\/WebPage\" itemid=\"https:\/\/www.anett.fr\/anett-journee-des-droits-de-la-femme\/\" content=\"Le 8 Mars, c'est toute l'ann\u00e9e chez Anett \u00a0!\" \/><meta itemprop=\"datePublished\" content=\"2023-05-29\" \/><meta itemprop=\"dateModified\" content=\"2024-02-28\" \/><meta itemprop=\"name\" content=\"Anett\"\/><meta itemprop=\"url\" content=\"https:\/\/www.anett.fr\/author\/benja71\/\" \/><meta itemprop=\"name\" content=\"Benjamin Jourand\" \/><meta itemprop=\"url\" content=\"https:\/\/www.anett.fr\/wp-content\/uploads\/2023\/05\/affiche-journee-des-droits-de-la-femme.png\" \/><meta itemprop=\"width\" content=\"2000\" \/><meta itemprop=\"height\" content=\"1414\" \/><meta itemprop=\"interactionType\" content=\"https:\/\/schema.org\/CommentAction\" \/><meta itemprop=\"userInteractionCount\" content=\"0\" \/>\n\t<a href='https:\/\/www.anett.fr\/anett-journee-des-droits-de-la-femme\/' title='Le 8 Mars, c'est toute l'ann\u00e9e chez Anett \u00a0!'><img width=\"1024\" height=\"724\" src=\"https:\/\/www.anett.fr\/wp-content\/uploads\/2023\/05\/affiche-journee-des-droits-de-la-femme-1024x724.png\" alt=\"\" itemprop=\"image\" decoding=\"async\" loading=\"lazy\" srcset=\"https:\/\/www.anett.fr\/wp-content\/uploads\/2023\/05\/affiche-journee-des-droits-de-la-femme-1024x724.png 1024w, https:\/\/www.anett.fr\/wp-content\/uploads\/2023\/05\/affiche-journee-des-droits-de-la-femme-900x636.png 900w, https:\/\/www.anett.fr\/wp-content\/uploads\/2023\/05\/affiche-journee-des-droits-de-la-femme-768x543.png 768w, https:\/\/www.anett.fr\/wp-content\/uploads\/2023\/05\/affiche-journee-des-droits-de-la-femme-1536x1086.png 1536w, https:\/\/www.anett.fr\/wp-content\/uploads\/2023\/05\/affiche-journee-des-droits-de-la-femme-24x17.png 24w, https:\/\/www.anett.fr\/wp-content\/uploads\/2023\/05\/affiche-journee-des-droits-de-la-femme-36x25.png 36w, https:\/\/www.anett.fr\/wp-content\/uploads\/2023\/05\/affiche-journee-des-droits-de-la-femme-120x85.png 120w, https:\/\/www.anett.fr\/wp-content\/uploads\/2023\/05\/affiche-journee-des-droits-de-la-femme.png 2000w\" sizes=\"auto, (max-width: 1024px) 100vw, 1024px\" \/><\/a>\n<h3><a href='https:\/\/www.anett.fr\/anett-journee-des-droits-de-la-femme\/' title='Le 8 Mars, c'est toute l'ann\u00e9e chez Anett \u00a0!'>Le 8 Mars, c&rsquo;est toute l&rsquo;ann\u00e9e chez Anett \u00a0!<\/a><\/h3>\n\t<p>Anett, a d\u00e9cid\u00e9 de marquer le 8 Mars d&#8217;une mani\u00e8re sp\u00e9ciale cette ann\u00e9e. La Direction G\u00e9n\u00e9rale d&#8217;Anett a choisi de c\u00e9l\u00e9brer la Journ\u00e9e Internationale des Droits de la Femme en offrant \u00e0 tous ses collaborateurs et collaboratrices un geste plein de douceur et de reconnaissance.<\/p>\n\n\t<a href='https:\/\/www.anett.fr\/anett-journee-des-droits-de-la-femme\/' title='Lire la suite'>Lire la suite<\/a>\n\n\n","protected":false},"excerpt":{"rendered":"<p>Nos actualit\u00e9s Derni\u00e8res nouvelles, nouveaux projets L&rsquo;actualit\u00e9 en direct de chez Anett Visite ma blanchisserie ANETT, entreprise familiale dans le domaine de la blanchisserie industrielle en France, s&#8217;engage pleinement dans la d\u00e9couverte et le recrutement des talents de demain. Dans cette optique, nous participons \u00e0 l&#8217;\u00e9v\u00e9nement &#8220;Visite ma Blanchisserie&#8221; initi\u00e9 par le Groupement des Entreprises&hellip;<\/p>\n","protected":false},"author":5,"featured_media":0,"parent":600,"menu_order":6,"comment_status":"closed","ping_status":"closed","template":"","meta":{"footnotes":""},"class_list":["post-1881","page","type-page","status-publish","hentry"],"yoast_head":"<!-- This site is optimized with the Yoast SEO plugin v27.4 - https:\/\/yoast.com\/product\/yoast-seo-wordpress\/ -->\n<title>Entreprise Anett, les actualit\u00e9s - Anett<\/title>\n<meta name=\"description\" content=\"Consultez les actualit\u00e9s d&#039;ANETT qui vous propose la location et l&#039;entretien de v\u00eatements de travail pour les professionnels de tous secteurs d&#039;activit\u00e9s.\" \/>\n<meta name=\"robots\" content=\"index, follow, max-snippet:-1, max-image-preview:large, max-video-preview:-1\" \/>\n<link rel=\"canonical\" href=\"https:\/\/www.anett.fr\/index.php\/decouvrir-anett\/actualites\/\" \/>\n<meta property=\"og:locale\" content=\"fr_FR\" \/>\n<meta property=\"og:type\" content=\"article\" \/>\n<meta property=\"og:title\" content=\"Entreprise Anett, les actualit\u00e9s - Anett\" \/>\n<meta property=\"og:description\" content=\"Consultez les actualit\u00e9s d&#039;ANETT qui vous propose la location et l&#039;entretien de v\u00eatements de travail pour les professionnels de tous secteurs d&#039;activit\u00e9s.\" \/>\n<meta property=\"og:url\" content=\"https:\/\/www.anett.fr\/index.php\/decouvrir-anett\/actualites\/\" \/>\n<meta property=\"og:site_name\" content=\"Anett\" \/>\n<meta property=\"article:publisher\" content=\"https:\/\/www.facebook.com\/profile.php?id=100065673331976\" \/>\n<meta property=\"article:modified_time\" content=\"2024-02-29T15:35:21+00:00\" \/>\n<meta property=\"og:image\" content=\"https:\/\/www.anett.fr\/wp-content\/uploads\/2023\/05\/etoile.png\" \/>\n<meta name=\"twitter:card\" content=\"summary_large_image\" \/>\n<meta name=\"twitter:label1\" content=\"Dur\u00e9e de lecture estim\u00e9e\" \/>\n\t<meta name=\"twitter:data1\" content=\"1 minute\" \/>\n<script type=\"application\/ld+json\" class=\"yoast-schema-graph\">{\"@context\":\"https:\\\/\\\/schema.org\",\"@graph\":[{\"@type\":\"WebPage\",\"@id\":\"https:\\\/\\\/www.anett.fr\\\/index.php\\\/decouvrir-anett\\\/actualites\\\/\",\"url\":\"https:\\\/\\\/www.anett.fr\\\/index.php\\\/decouvrir-anett\\\/actualites\\\/\",\"name\":\"Entreprise Anett, les actualit\u00e9s - Anett\",\"isPartOf\":{\"@id\":\"https:\\\/\\\/www.anett.fr\\\/index.php\\\/#website\"},\"primaryImageOfPage\":{\"@id\":\"https:\\\/\\\/www.anett.fr\\\/index.php\\\/decouvrir-anett\\\/actualites\\\/#primaryimage\"},\"image\":{\"@id\":\"https:\\\/\\\/www.anett.fr\\\/index.php\\\/decouvrir-anett\\\/actualites\\\/#primaryimage\"},\"thumbnailUrl\":\"https:\\\/\\\/www.anett.fr\\\/wp-content\\\/uploads\\\/2023\\\/05\\\/etoile.png\",\"datePublished\":\"2023-10-04T15:22:36+00:00\",\"dateModified\":\"2024-02-29T15:35:21+00:00\",\"description\":\"Consultez les actualit\u00e9s d'ANETT qui vous propose la location et l'entretien de v\u00eatements de travail pour les professionnels de tous secteurs d'activit\u00e9s.\",\"breadcrumb\":{\"@id\":\"https:\\\/\\\/www.anett.fr\\\/index.php\\\/decouvrir-anett\\\/actualites\\\/#breadcrumb\"},\"inLanguage\":\"fr-FR\",\"potentialAction\":[{\"@type\":\"ReadAction\",\"target\":[\"https:\\\/\\\/www.anett.fr\\\/index.php\\\/decouvrir-anett\\\/actualites\\\/\"]}]},{\"@type\":\"ImageObject\",\"inLanguage\":\"fr-FR\",\"@id\":\"https:\\\/\\\/www.anett.fr\\\/index.php\\\/decouvrir-anett\\\/actualites\\\/#primaryimage\",\"url\":\"https:\\\/\\\/www.anett.fr\\\/wp-content\\\/uploads\\\/2023\\\/05\\\/etoile.png\",\"contentUrl\":\"https:\\\/\\\/www.anett.fr\\\/wp-content\\\/uploads\\\/2023\\\/05\\\/etoile.png\"},{\"@type\":\"BreadcrumbList\",\"@id\":\"https:\\\/\\\/www.anett.fr\\\/index.php\\\/decouvrir-anett\\\/actualites\\\/#breadcrumb\",\"itemListElement\":[{\"@type\":\"ListItem\",\"position\":1,\"name\":\"Accueil\",\"item\":\"https:\\\/\\\/www.anett.fr\\\/index.php\\\/\"},{\"@type\":\"ListItem\",\"position\":2,\"name\":\"D\u00e9couvrir Anett\",\"item\":\"https:\\\/\\\/www.anett.fr\\\/index.php\\\/decouvrir-anett\\\/\"},{\"@type\":\"ListItem\",\"position\":3,\"name\":\"Actualit\u00e9s\"}]},{\"@type\":\"WebSite\",\"@id\":\"https:\\\/\\\/www.anett.fr\\\/index.php\\\/#website\",\"url\":\"https:\\\/\\\/www.anett.fr\\\/index.php\\\/\",\"name\":\"Anett\",\"description\":\"Nous portons chaque jour les valeurs de notre engagement\",\"publisher\":{\"@id\":\"https:\\\/\\\/www.anett.fr\\\/index.php\\\/#organization\"},\"alternateName\":\"Anett, Diff\u00e9rents par Nature\",\"potentialAction\":[{\"@type\":\"SearchAction\",\"target\":{\"@type\":\"EntryPoint\",\"urlTemplate\":\"https:\\\/\\\/www.anett.fr\\\/index.php\\\/?s={search_term_string}\"},\"query-input\":{\"@type\":\"PropertyValueSpecification\",\"valueRequired\":true,\"valueName\":\"search_term_string\"}}],\"inLanguage\":\"fr-FR\"},{\"@type\":\"Organization\",\"@id\":\"https:\\\/\\\/www.anett.fr\\\/index.php\\\/#organization\",\"name\":\"Anett\",\"alternateName\":\"Anett, Diff\u00e9rents par Nature\",\"url\":\"https:\\\/\\\/www.anett.fr\\\/index.php\\\/\",\"logo\":{\"@type\":\"ImageObject\",\"inLanguage\":\"fr-FR\",\"@id\":\"https:\\\/\\\/www.anett.fr\\\/index.php\\\/#\\\/schema\\\/logo\\\/image\\\/\",\"url\":\"https:\\\/\\\/www.anett.fr\\\/wp-content\\\/uploads\\\/2024\\\/02\\\/logo-anett-2024.png\",\"contentUrl\":\"https:\\\/\\\/www.anett.fr\\\/wp-content\\\/uploads\\\/2024\\\/02\\\/logo-anett-2024.png\",\"width\":696,\"height\":696,\"caption\":\"Anett\"},\"image\":{\"@id\":\"https:\\\/\\\/www.anett.fr\\\/index.php\\\/#\\\/schema\\\/logo\\\/image\\\/\"},\"sameAs\":[\"https:\\\/\\\/www.facebook.com\\\/profile.php?id=100065673331976\",\"https:\\\/\\\/www.linkedin.com\\\/company\\\/anett\\\/\"]}]}<\/script>\n<!-- \/ Yoast SEO plugin. -->","yoast_head_json":{"title":"Entreprise Anett, les actualit\u00e9s - Anett","description":"Consultez les actualit\u00e9s d'ANETT qui vous propose la location et l'entretien de v\u00eatements de travail pour les professionnels de tous secteurs d'activit\u00e9s.","robots":{"index":"index","follow":"follow","max-snippet":"max-snippet:-1","max-image-preview":"max-image-preview:large","max-video-preview":"max-video-preview:-1"},"canonical":"https:\/\/www.anett.fr\/index.php\/decouvrir-anett\/actualites\/","og_locale":"fr_FR","og_type":"article","og_title":"Entreprise Anett, les actualit\u00e9s - Anett","og_description":"Consultez les actualit\u00e9s d'ANETT qui vous propose la location et l'entretien de v\u00eatements de travail pour les professionnels de tous secteurs d'activit\u00e9s.","og_url":"https:\/\/www.anett.fr\/index.php\/decouvrir-anett\/actualites\/","og_site_name":"Anett","article_publisher":"https:\/\/www.facebook.com\/profile.php?id=100065673331976","article_modified_time":"2024-02-29T15:35:21+00:00","og_image":[{"url":"https:\/\/www.anett.fr\/wp-content\/uploads\/2023\/05\/etoile.png","type":"","width":"","height":""}],"twitter_card":"summary_large_image","twitter_misc":{"Dur\u00e9e de lecture estim\u00e9e":"1 minute"},"schema":{"@context":"https:\/\/schema.org","@graph":[{"@type":"WebPage","@id":"https:\/\/www.anett.fr\/index.php\/decouvrir-anett\/actualites\/","url":"https:\/\/www.anett.fr\/index.php\/decouvrir-anett\/actualites\/","name":"Entreprise Anett, les actualit\u00e9s - Anett","isPartOf":{"@id":"https:\/\/www.anett.fr\/index.php\/#website"},"primaryImageOfPage":{"@id":"https:\/\/www.anett.fr\/index.php\/decouvrir-anett\/actualites\/#primaryimage"},"image":{"@id":"https:\/\/www.anett.fr\/index.php\/decouvrir-anett\/actualites\/#primaryimage"},"thumbnailUrl":"https:\/\/www.anett.fr\/wp-content\/uploads\/2023\/05\/etoile.png","datePublished":"2023-10-04T15:22:36+00:00","dateModified":"2024-02-29T15:35:21+00:00","description":"Consultez les actualit\u00e9s d'ANETT qui vous propose la location et l'entretien de v\u00eatements de travail pour les professionnels de tous secteurs d'activit\u00e9s.","breadcrumb":{"@id":"https:\/\/www.anett.fr\/index.php\/decouvrir-anett\/actualites\/#breadcrumb"},"inLanguage":"fr-FR","potentialAction":[{"@type":"ReadAction","target":["https:\/\/www.anett.fr\/index.php\/decouvrir-anett\/actualites\/"]}]},{"@type":"ImageObject","inLanguage":"fr-FR","@id":"https:\/\/www.anett.fr\/index.php\/decouvrir-anett\/actualites\/#primaryimage","url":"https:\/\/www.anett.fr\/wp-content\/uploads\/2023\/05\/etoile.png","contentUrl":"https:\/\/www.anett.fr\/wp-content\/uploads\/2023\/05\/etoile.png"},{"@type":"BreadcrumbList","@id":"https:\/\/www.anett.fr\/index.php\/decouvrir-anett\/actualites\/#breadcrumb","itemListElement":[{"@type":"ListItem","position":1,"name":"Accueil","item":"https:\/\/www.anett.fr\/index.php\/"},{"@type":"ListItem","position":2,"name":"D\u00e9couvrir Anett","item":"https:\/\/www.anett.fr\/index.php\/decouvrir-anett\/"},{"@type":"ListItem","position":3,"name":"Actualit\u00e9s"}]},{"@type":"WebSite","@id":"https:\/\/www.anett.fr\/index.php\/#website","url":"https:\/\/www.anett.fr\/index.php\/","name":"Anett","description":"Nous portons chaque jour les valeurs de notre engagement","publisher":{"@id":"https:\/\/www.anett.fr\/index.php\/#organization"},"alternateName":"Anett, Diff\u00e9rents par Nature","potentialAction":[{"@type":"SearchAction","target":{"@type":"EntryPoint","urlTemplate":"https:\/\/www.anett.fr\/index.php\/?s={search_term_string}"},"query-input":{"@type":"PropertyValueSpecification","valueRequired":true,"valueName":"search_term_string"}}],"inLanguage":"fr-FR"},{"@type":"Organization","@id":"https:\/\/www.anett.fr\/index.php\/#organization","name":"Anett","alternateName":"Anett, Diff\u00e9rents par Nature","url":"https:\/\/www.anett.fr\/index.php\/","logo":{"@type":"ImageObject","inLanguage":"fr-FR","@id":"https:\/\/www.anett.fr\/index.php\/#\/schema\/logo\/image\/","url":"https:\/\/www.anett.fr\/wp-content\/uploads\/2024\/02\/logo-anett-2024.png","contentUrl":"https:\/\/www.anett.fr\/wp-content\/uploads\/2024\/02\/logo-anett-2024.png","width":696,"height":696,"caption":"Anett"},"image":{"@id":"https:\/\/www.anett.fr\/index.php\/#\/schema\/logo\/image\/"},"sameAs":["https:\/\/www.facebook.com\/profile.php?id=100065673331976","https:\/\/www.linkedin.com\/company\/anett\/"]}]}},"_links":{"self":[{"href":"https:\/\/www.anett.fr\/index.php\/wp-json\/wp\/v2\/pages\/1881","targetHints":{"allow":["GET"]}}],"collection":[{"href":"https:\/\/www.anett.fr\/index.php\/wp-json\/wp\/v2\/pages"}],"about":[{"href":"https:\/\/www.anett.fr\/index.php\/wp-json\/wp\/v2\/types\/page"}],"author":[{"embeddable":true,"href":"https:\/\/www.anett.fr\/index.php\/wp-json\/wp\/v2\/users\/5"}],"replies":[{"embeddable":true,"href":"https:\/\/www.anett.fr\/index.php\/wp-json\/wp\/v2\/comments?post=1881"}],"version-history":[{"count":0,"href":"https:\/\/www.anett.fr\/index.php\/wp-json\/wp\/v2\/pages\/1881\/revisions"}],"up":[{"embeddable":true,"href":"https:\/\/www.anett.fr\/index.php\/wp-json\/wp\/v2\/pages\/600"}],"wp:attachment":[{"href":"https:\/\/www.anett.fr\/index.php\/wp-json\/wp\/v2\/media?parent=1881"}],"curies":[{"name":"wp","href":"https:\/\/api.w.org\/{rel}","templated":true}]}}