{"id":600,"date":"2023-05-25T11:17:00","date_gmt":"2023-05-25T09:17:00","guid":{"rendered":"https:\/\/www.anett.fr\/?page_id=600"},"modified":"2024-02-29T16:27:06","modified_gmt":"2024-02-29T15:27:06","slug":"decouvrir-anett","status":"publish","type":"page","link":"https:\/\/www.anett.fr\/index.php\/decouvrir-anett\/","title":{"rendered":"D\u00e9couvrir Anett"},"content":{"rendered":"\n<h2>\n\t\tD\u00e9couvrir Anett\n\t<\/h2>\n\t\t\t\t<img loading=\"lazy\" decoding=\"async\" src=\"https:\/\/www.anett.fr\/wp-content\/uploads\/2023\/05\/etoile.png\" alt=\"etoile\" itemprop=\"image\" height=\"222\" width=\"236\" title=\"etoile\" onerror=\"this.style.display='none'\"  \/>\n<h2>\n\t\tUne entreprise familiale\n\t<\/h2>\n<h2>\n\t\tAnett , Diff\u00e9rents par Nature\n\t<\/h2>\n<h2>\n\t\tNotre histoire\n\t<\/h2>\n<h2>\n\t\tNous lavons votre linge en famille depuis 1935.\n\t<\/h2>\n\t\t\t<a href=\"https:\/\/www.anett.fr\/decouvrir-anett\/ladn-anett-une-histoire-de-famille\/\" target=\"_self\" role=\"button\" aria-label=\"D\u00e9couvrir notre ADN\" rel=\"noopener\">\n\t\t\t\t\t\t\tD\u00e9couvrir notre ADN\n\t\t<\/a>\n\t\t\t\t<img loading=\"lazy\" decoding=\"async\" src=\"https:\/\/www.anett.fr\/wp-content\/uploads\/2023\/05\/notre-histoire.png\" alt=\"notre-histoire\" itemprop=\"image\" height=\"815\" width=\"1134\" title=\"notre-histoire\" onerror=\"this.style.display='none'\"  \/>\n<h2>\n\t\tNotre vision de la relation client\n\t<\/h2>\n<h2>\n\t\tLa qualit\u00e9 de notre engagement ne fait pas un pli.\n\t<\/h2>\n\t\t\t<a href=\"https:\/\/www.anett.fr\/decouvrir-anett\/le-service-client-notre-priorite\/\" target=\"_self\" role=\"button\" aria-label=\"Voici notre vraie nature\" rel=\"noopener\">\n\t\t\t\t\t\t\tVoici notre vraie nature\n\t\t<\/a>\n\t\t\t\t<img loading=\"lazy\" decoding=\"async\" src=\"https:\/\/www.anett.fr\/wp-content\/uploads\/2023\/05\/vision-du-service-client.png\" alt=\"vision-du-service-client\" itemprop=\"image\" height=\"815\" width=\"1134\" title=\"vision-du-service-client\" onerror=\"this.style.display='none'\"  \/>\n<h2>\n\t\tNotre quotidien\n\t<\/h2>\n<h2>\n\t\tUne aventure humaine\n\t<\/h2>\n\t\t\t<a href=\"https:\/\/www.anett.fr\/decouvrir-anett\/lhumain-au-coeur-de-notre-quotidien\/\" target=\"_self\" role=\"button\" aria-label=\"Indispensable \u00e0 l&#039;\u00e9quilibre\" rel=\"noopener\">\n\t\t\t\t\t\t\tIndispensable \u00e0 l&rsquo;\u00e9quilibre\n\t\t<\/a>\n\t\t\t\t<img loading=\"lazy\" decoding=\"async\" src=\"https:\/\/www.anett.fr\/wp-content\/uploads\/2023\/12\/lanceur-humain.png\" alt=\"lanceur-humain\" itemprop=\"image\" height=\"387\" width=\"568\" title=\"lanceur-humain\" onerror=\"this.style.display='none'\"  \/>\n<h2>\n\t\t Nos d\u00e9fis de tous les jours\n\t<\/h2>\n<h2>\n\t\tUne conscience environnementale par nature\n\t<\/h2>\n\t\t\t<a href=\"https:\/\/www.anett.fr\/decouvrir-anett\/conscience-environnementale-le-defi-de-tous-les-jours\/\" target=\"_self\" role=\"button\" aria-label=\"Plus que des mots\" rel=\"noopener\">\n\t\t\t\t\t\t\tPlus que des mots\n\t\t<\/a>\n\t\t\t\t<img loading=\"lazy\" decoding=\"async\" src=\"https:\/\/www.anett.fr\/wp-content\/uploads\/2023\/12\/lanceur-planete.png\" alt=\"lanceur-planete\" itemprop=\"image\" height=\"369\" width=\"597\" title=\"lanceur-planete\" onerror=\"this.style.display='none'\"  \/>\n<h2>\n\t\tNos certifications\n\t<\/h2>\n<h2>\n\t\tPreuves d&rsquo;excellence\n\t<\/h2>\n\t\t\t<a href=\"https:\/\/www.anett.fr\/decouvrir-anett\/certifications-preuves-dexcellence\/\" target=\"_self\" role=\"button\" aria-label=\"Voir nos certifications\" rel=\"noopener\">\n\t\t\t\t\t\t\tVoir nos certifications\n\t\t<\/a>\n\t\t\t\t<img loading=\"lazy\" decoding=\"async\" src=\"https:\/\/www.anett.fr\/wp-content\/uploads\/2023\/12\/lanceur-certifications.png\" alt=\"lanceur-certifications\" itemprop=\"image\" height=\"378\" width=\"574\" title=\"lanceur-certifications\" onerror=\"this.style.display='none'\"  \/>\n<h2>\n\t\tNos actualit\u00e9s\n\t<\/h2>\n<h2>\n\t\tDerni\u00e8res nouvelles, nouveaux projets\n\t<\/h2>\n\t\t\t<a href=\"https:\/\/www.anett.fr\/decouvrir-anett\/actualites\/\" target=\"_self\" role=\"button\" aria-label=\"D\u00e9couvrir nos actualit\u00e9s\" rel=\"noopener\">\n\t\t\t\t\t\t\tD\u00e9couvrir nos actualit\u00e9s\n\t\t<\/a>\n\t\t\t\t<img loading=\"lazy\" decoding=\"async\" src=\"https:\/\/www.anett.fr\/wp-content\/uploads\/2023\/12\/lanceur-actualites.png\" alt=\"lanceur-actualites\" itemprop=\"image\" height=\"378\" width=\"590\" title=\"lanceur-actualites\" onerror=\"this.style.display='none'\"  \/>\n\t\t\t\t<img loading=\"lazy\" decoding=\"async\" src=\"https:\/\/www.anett.fr\/wp-content\/uploads\/2023\/05\/vous-avez-une-question.png\" alt=\"vous-avez-une-question\" itemprop=\"image\" height=\"136\" width=\"272\" title=\"vous-avez-une-question\" onerror=\"this.style.display='none'\"  \/>\n<h2>\n\t\tVous avez une question ?\n\t<\/h2>\n\t\t\t<a href=\"https:\/\/www.anett.fr\/contact\/\" target=\"_self\" role=\"button\" aria-label=\"&lt;span class=&quot;nowrap&quot;&gt;Recontrons-nous !&lt;\/span&gt;\" rel=\"noopener\">\n\t\t\t\t\t\t\tRecontrons-nous !\n\t\t<\/a>\n\n","protected":false},"excerpt":{"rendered":"<p>D\u00e9couvrir Anett Une entreprise familiale Anett , Diff\u00e9rents par Nature Notre histoire Nous lavons votre linge en famille depuis 1935. D\u00e9couvrir notre ADN Notre vision de la relation client La qualit\u00e9 de notre engagement ne fait pas un pli. Voici notre vraie nature Notre quotidien Une aventure humaine Indispensable \u00e0 l&rsquo;\u00e9quilibre Nos d\u00e9fis de tous&hellip;<\/p>\n","protected":false},"author":5,"featured_media":0,"parent":0,"menu_order":0,"comment_status":"closed","ping_status":"closed","template":"","meta":{"footnotes":""},"class_list":["post-600","page","type-page","status-publish","hentry"],"yoast_head":"<!-- This site is optimized with the Yoast SEO plugin v27.4 - https:\/\/yoast.com\/product\/yoast-seo-wordpress\/ -->\n<title>D\u00e9couvrir Anett - Anett<\/title>\n<meta name=\"description\" content=\"Entreprise familiale, ind\u00e9pendante et engag\u00e9e, Anett est \u00e0 vos c\u00f4t\u00e9s depuis pr\u00e8s de 90 ans, pour faciliter la location et l\u2019entretien de votre linge professionnel.\" \/>\n<meta name=\"robots\" content=\"index, follow, max-snippet:-1, max-image-preview:large, max-video-preview:-1\" \/>\n<link rel=\"canonical\" href=\"https:\/\/www.anett.fr\/index.php\/decouvrir-anett\/\" \/>\n<meta property=\"og:locale\" content=\"fr_FR\" \/>\n<meta property=\"og:type\" content=\"article\" \/>\n<meta property=\"og:title\" content=\"D\u00e9couvrir Anett - Anett\" \/>\n<meta property=\"og:description\" content=\"Entreprise familiale, ind\u00e9pendante et engag\u00e9e, Anett est \u00e0 vos c\u00f4t\u00e9s depuis pr\u00e8s de 90 ans, pour faciliter la location et l\u2019entretien de votre linge professionnel.\" \/>\n<meta property=\"og:url\" content=\"https:\/\/www.anett.fr\/index.php\/decouvrir-anett\/\" \/>\n<meta property=\"og:site_name\" content=\"Anett\" \/>\n<meta property=\"article:publisher\" content=\"https:\/\/www.facebook.com\/profile.php?id=100065673331976\" \/>\n<meta property=\"article:modified_time\" content=\"2024-02-29T15:27:06+00:00\" \/>\n<meta property=\"og:image\" content=\"https:\/\/www.anett.fr\/wp-content\/uploads\/2023\/05\/etoile.png\" \/>\n<meta name=\"twitter:card\" content=\"summary_large_image\" \/>\n<meta name=\"twitter:label1\" content=\"Dur\u00e9e de lecture estim\u00e9e\" \/>\n\t<meta name=\"twitter:data1\" content=\"3 minutes\" \/>\n<script type=\"application\/ld+json\" class=\"yoast-schema-graph\">{\"@context\":\"https:\\\/\\\/schema.org\",\"@graph\":[{\"@type\":\"WebPage\",\"@id\":\"https:\\\/\\\/www.anett.fr\\\/index.php\\\/decouvrir-anett\\\/\",\"url\":\"https:\\\/\\\/www.anett.fr\\\/index.php\\\/decouvrir-anett\\\/\",\"name\":\"D\u00e9couvrir Anett - Anett\",\"isPartOf\":{\"@id\":\"https:\\\/\\\/www.anett.fr\\\/index.php\\\/#website\"},\"primaryImageOfPage\":{\"@id\":\"https:\\\/\\\/www.anett.fr\\\/index.php\\\/decouvrir-anett\\\/#primaryimage\"},\"image\":{\"@id\":\"https:\\\/\\\/www.anett.fr\\\/index.php\\\/decouvrir-anett\\\/#primaryimage\"},\"thumbnailUrl\":\"https:\\\/\\\/www.anett.fr\\\/wp-content\\\/uploads\\\/2023\\\/05\\\/etoile.png\",\"datePublished\":\"2023-05-25T09:17:00+00:00\",\"dateModified\":\"2024-02-29T15:27:06+00:00\",\"description\":\"Entreprise familiale, ind\u00e9pendante et engag\u00e9e, Anett est \u00e0 vos c\u00f4t\u00e9s depuis pr\u00e8s de 90 ans, pour faciliter la location et l\u2019entretien de votre linge professionnel.\",\"breadcrumb\":{\"@id\":\"https:\\\/\\\/www.anett.fr\\\/index.php\\\/decouvrir-anett\\\/#breadcrumb\"},\"inLanguage\":\"fr-FR\",\"potentialAction\":[{\"@type\":\"ReadAction\",\"target\":[\"https:\\\/\\\/www.anett.fr\\\/index.php\\\/decouvrir-anett\\\/\"]}]},{\"@type\":\"ImageObject\",\"inLanguage\":\"fr-FR\",\"@id\":\"https:\\\/\\\/www.anett.fr\\\/index.php\\\/decouvrir-anett\\\/#primaryimage\",\"url\":\"https:\\\/\\\/www.anett.fr\\\/wp-content\\\/uploads\\\/2023\\\/05\\\/etoile.png\",\"contentUrl\":\"https:\\\/\\\/www.anett.fr\\\/wp-content\\\/uploads\\\/2023\\\/05\\\/etoile.png\"},{\"@type\":\"BreadcrumbList\",\"@id\":\"https:\\\/\\\/www.anett.fr\\\/index.php\\\/decouvrir-anett\\\/#breadcrumb\",\"itemListElement\":[{\"@type\":\"ListItem\",\"position\":1,\"name\":\"Accueil\",\"item\":\"https:\\\/\\\/www.anett.fr\\\/index.php\\\/\"},{\"@type\":\"ListItem\",\"position\":2,\"name\":\"D\u00e9couvrir Anett\"}]},{\"@type\":\"WebSite\",\"@id\":\"https:\\\/\\\/www.anett.fr\\\/index.php\\\/#website\",\"url\":\"https:\\\/\\\/www.anett.fr\\\/index.php\\\/\",\"name\":\"Anett\",\"description\":\"Nous portons chaque jour les valeurs de notre engagement\",\"publisher\":{\"@id\":\"https:\\\/\\\/www.anett.fr\\\/index.php\\\/#organization\"},\"alternateName\":\"Anett, Diff\u00e9rents par Nature\",\"potentialAction\":[{\"@type\":\"SearchAction\",\"target\":{\"@type\":\"EntryPoint\",\"urlTemplate\":\"https:\\\/\\\/www.anett.fr\\\/index.php\\\/?s={search_term_string}\"},\"query-input\":{\"@type\":\"PropertyValueSpecification\",\"valueRequired\":true,\"valueName\":\"search_term_string\"}}],\"inLanguage\":\"fr-FR\"},{\"@type\":\"Organization\",\"@id\":\"https:\\\/\\\/www.anett.fr\\\/index.php\\\/#organization\",\"name\":\"Anett\",\"alternateName\":\"Anett, Diff\u00e9rents par Nature\",\"url\":\"https:\\\/\\\/www.anett.fr\\\/index.php\\\/\",\"logo\":{\"@type\":\"ImageObject\",\"inLanguage\":\"fr-FR\",\"@id\":\"https:\\\/\\\/www.anett.fr\\\/index.php\\\/#\\\/schema\\\/logo\\\/image\\\/\",\"url\":\"https:\\\/\\\/www.anett.fr\\\/wp-content\\\/uploads\\\/2024\\\/02\\\/logo-anett-2024.png\",\"contentUrl\":\"https:\\\/\\\/www.anett.fr\\\/wp-content\\\/uploads\\\/2024\\\/02\\\/logo-anett-2024.png\",\"width\":696,\"height\":696,\"caption\":\"Anett\"},\"image\":{\"@id\":\"https:\\\/\\\/www.anett.fr\\\/index.php\\\/#\\\/schema\\\/logo\\\/image\\\/\"},\"sameAs\":[\"https:\\\/\\\/www.facebook.com\\\/profile.php?id=100065673331976\",\"https:\\\/\\\/www.linkedin.com\\\/company\\\/anett\\\/\"]}]}<\/script>\n<!-- \/ Yoast SEO plugin. -->","yoast_head_json":{"title":"D\u00e9couvrir Anett - Anett","description":"Entreprise familiale, ind\u00e9pendante et engag\u00e9e, Anett est \u00e0 vos c\u00f4t\u00e9s depuis pr\u00e8s de 90 ans, pour faciliter la location et l\u2019entretien de votre linge professionnel.","robots":{"index":"index","follow":"follow","max-snippet":"max-snippet:-1","max-image-preview":"max-image-preview:large","max-video-preview":"max-video-preview:-1"},"canonical":"https:\/\/www.anett.fr\/index.php\/decouvrir-anett\/","og_locale":"fr_FR","og_type":"article","og_title":"D\u00e9couvrir Anett - Anett","og_description":"Entreprise familiale, ind\u00e9pendante et engag\u00e9e, Anett est \u00e0 vos c\u00f4t\u00e9s depuis pr\u00e8s de 90 ans, pour faciliter la location et l\u2019entretien de votre linge professionnel.","og_url":"https:\/\/www.anett.fr\/index.php\/decouvrir-anett\/","og_site_name":"Anett","article_publisher":"https:\/\/www.facebook.com\/profile.php?id=100065673331976","article_modified_time":"2024-02-29T15:27:06+00:00","og_image":[{"url":"https:\/\/www.anett.fr\/wp-content\/uploads\/2023\/05\/etoile.png","type":"","width":"","height":""}],"twitter_card":"summary_large_image","twitter_misc":{"Dur\u00e9e de lecture estim\u00e9e":"3 minutes"},"schema":{"@context":"https:\/\/schema.org","@graph":[{"@type":"WebPage","@id":"https:\/\/www.anett.fr\/index.php\/decouvrir-anett\/","url":"https:\/\/www.anett.fr\/index.php\/decouvrir-anett\/","name":"D\u00e9couvrir Anett - Anett","isPartOf":{"@id":"https:\/\/www.anett.fr\/index.php\/#website"},"primaryImageOfPage":{"@id":"https:\/\/www.anett.fr\/index.php\/decouvrir-anett\/#primaryimage"},"image":{"@id":"https:\/\/www.anett.fr\/index.php\/decouvrir-anett\/#primaryimage"},"thumbnailUrl":"https:\/\/www.anett.fr\/wp-content\/uploads\/2023\/05\/etoile.png","datePublished":"2023-05-25T09:17:00+00:00","dateModified":"2024-02-29T15:27:06+00:00","description":"Entreprise familiale, ind\u00e9pendante et engag\u00e9e, Anett est \u00e0 vos c\u00f4t\u00e9s depuis pr\u00e8s de 90 ans, pour faciliter la location et l\u2019entretien de votre linge professionnel.","breadcrumb":{"@id":"https:\/\/www.anett.fr\/index.php\/decouvrir-anett\/#breadcrumb"},"inLanguage":"fr-FR","potentialAction":[{"@type":"ReadAction","target":["https:\/\/www.anett.fr\/index.php\/decouvrir-anett\/"]}]},{"@type":"ImageObject","inLanguage":"fr-FR","@id":"https:\/\/www.anett.fr\/index.php\/decouvrir-anett\/#primaryimage","url":"https:\/\/www.anett.fr\/wp-content\/uploads\/2023\/05\/etoile.png","contentUrl":"https:\/\/www.anett.fr\/wp-content\/uploads\/2023\/05\/etoile.png"},{"@type":"BreadcrumbList","@id":"https:\/\/www.anett.fr\/index.php\/decouvrir-anett\/#breadcrumb","itemListElement":[{"@type":"ListItem","position":1,"name":"Accueil","item":"https:\/\/www.anett.fr\/index.php\/"},{"@type":"ListItem","position":2,"name":"D\u00e9couvrir Anett"}]},{"@type":"WebSite","@id":"https:\/\/www.anett.fr\/index.php\/#website","url":"https:\/\/www.anett.fr\/index.php\/","name":"Anett","description":"Nous portons chaque jour les valeurs de notre engagement","publisher":{"@id":"https:\/\/www.anett.fr\/index.php\/#organization"},"alternateName":"Anett, Diff\u00e9rents par Nature","potentialAction":[{"@type":"SearchAction","target":{"@type":"EntryPoint","urlTemplate":"https:\/\/www.anett.fr\/index.php\/?s={search_term_string}"},"query-input":{"@type":"PropertyValueSpecification","valueRequired":true,"valueName":"search_term_string"}}],"inLanguage":"fr-FR"},{"@type":"Organization","@id":"https:\/\/www.anett.fr\/index.php\/#organization","name":"Anett","alternateName":"Anett, Diff\u00e9rents par Nature","url":"https:\/\/www.anett.fr\/index.php\/","logo":{"@type":"ImageObject","inLanguage":"fr-FR","@id":"https:\/\/www.anett.fr\/index.php\/#\/schema\/logo\/image\/","url":"https:\/\/www.anett.fr\/wp-content\/uploads\/2024\/02\/logo-anett-2024.png","contentUrl":"https:\/\/www.anett.fr\/wp-content\/uploads\/2024\/02\/logo-anett-2024.png","width":696,"height":696,"caption":"Anett"},"image":{"@id":"https:\/\/www.anett.fr\/index.php\/#\/schema\/logo\/image\/"},"sameAs":["https:\/\/www.facebook.com\/profile.php?id=100065673331976","https:\/\/www.linkedin.com\/company\/anett\/"]}]}},"_links":{"self":[{"href":"https:\/\/www.anett.fr\/index.php\/wp-json\/wp\/v2\/pages\/600","targetHints":{"allow":["GET"]}}],"collection":[{"href":"https:\/\/www.anett.fr\/index.php\/wp-json\/wp\/v2\/pages"}],"about":[{"href":"https:\/\/www.anett.fr\/index.php\/wp-json\/wp\/v2\/types\/page"}],"author":[{"embeddable":true,"href":"https:\/\/www.anett.fr\/index.php\/wp-json\/wp\/v2\/users\/5"}],"replies":[{"embeddable":true,"href":"https:\/\/www.anett.fr\/index.php\/wp-json\/wp\/v2\/comments?post=600"}],"version-history":[{"count":0,"href":"https:\/\/www.anett.fr\/index.php\/wp-json\/wp\/v2\/pages\/600\/revisions"}],"wp:attachment":[{"href":"https:\/\/www.anett.fr\/index.php\/wp-json\/wp\/v2\/media?parent=600"}],"curies":[{"name":"wp","href":"https:\/\/api.w.org\/{rel}","templated":true}]}}