{"id":602,"date":"2023-05-25T11:17:15","date_gmt":"2023-05-25T09:17:15","guid":{"rendered":"https:\/\/www.anett.fr\/?page_id=602"},"modified":"2025-04-03T17:03:56","modified_gmt":"2025-04-03T15:03:56","slug":"nos-prestations","status":"publish","type":"page","link":"https:\/\/www.anett.fr\/index.php\/nos-prestations\/","title":{"rendered":"Nos prestations"},"content":{"rendered":"\n<h2>\n\t\tNos prestations\n\t<\/h2>\n\t\t\t\t<img loading=\"lazy\" decoding=\"async\" src=\"https:\/\/www.anett.fr\/wp-content\/uploads\/2023\/05\/etoile.png\" alt=\"etoile\" itemprop=\"image\" height=\"222\" width=\"236\" title=\"etoile\" onerror=\"this.style.display='none'\"  \/>\n<h2>\n\t\tLa location-entretien d&rsquo;articles textiles\n\t<\/h2>\n<h2>\n\t\tLa location-entretien\n\t<\/h2>\n<h2>\n\t\tUne relation de partenaire plus que de prestataire.\n\t<\/h2>\n\t\t\t<a href=\"https:\/\/www.anett.fr\/nos-prestations\/la-location-entretien\/\" title=\"Cliquez ici\" target=\"_self\"   role=\"button\" aria-label=\"D\u00e9couvrir notre &lt;br&gt; savoir-faire\">\n\t\t\t\t\t\t\tD\u00e9couvrir notre <br \/> savoir-faire\n\t\t<\/a>\n<h2>\n\t\tL&rsquo;entretien du linge des r\u00e9sidents\n\t<\/h2>\n<h2>\n\t\tUn expert, des solutions\n\t<\/h2>\n\t\t\t<a href=\"https:\/\/www.anett.fr\/nos-prestations\/linge-de-residents\/\" title=\"Cliquez ici\" target=\"_self\"   role=\"button\" aria-label=\"D\u00e9couvrir notre &lt;br&gt; prestation\">\n\t\t\t\t\t\t\tD\u00e9couvrir notre <br \/> prestation\n\t\t<\/a>\n\t\t\t\t<img loading=\"lazy\" decoding=\"async\" src=\"https:\/\/www.anett.fr\/wp-content\/uploads\/2023\/05\/vous-avez-une-question.png\" alt=\"vous-avez-une-question\" itemprop=\"image\" height=\"136\" width=\"272\" title=\"vous-avez-une-question\" onerror=\"this.style.display='none'\"  \/>\n<h2>\n\t\tVous avez une question ?\n\t<\/h2>\n\t\t\t<a href=\"https:\/\/www.anett.fr\/contact\/\" title=\"Cliquez ici\" target=\"_self\"   role=\"button\" aria-label=\"&lt;span class=&quot;nowrap&quot;&gt;Recontrons-nous !&lt;\/span&gt;\">\n\t\t\t\t\t\t\tRecontrons-nous !\n\t\t<\/a>\n\n","protected":false},"excerpt":{"rendered":"<p>Nos prestations La location-entretien d&rsquo;articles textiles La location-entretien Une relation de partenaire plus que de prestataire. D\u00e9couvrir notre savoir-faire L&rsquo;entretien du linge des r\u00e9sidents Un expert, des solutions D\u00e9couvrir notre prestation Vous avez une question ? Recontrons-nous !<\/p>\n","protected":false},"author":5,"featured_media":0,"parent":0,"menu_order":0,"comment_status":"closed","ping_status":"closed","template":"","meta":{"footnotes":""},"class_list":["post-602","page","type-page","status-publish","hentry"],"yoast_head":"<!-- This site is optimized with the Yoast SEO plugin v27.4 - https:\/\/yoast.com\/product\/yoast-seo-wordpress\/ -->\n<title>Solutions de location et entretien de v\u00eatements - Anett<\/title>\n<meta name=\"description\" content=\"ANETT propose des solutions adapt\u00e9es de location et d&#039;entretien de v\u00eatements professionnels en fonction de votre secteur d&#039;activit\u00e9 et de vos besoins.\" \/>\n<meta name=\"robots\" content=\"index, follow, max-snippet:-1, max-image-preview:large, max-video-preview:-1\" \/>\n<link rel=\"canonical\" href=\"https:\/\/www.anett.fr\/index.php\/nos-prestations\/\" \/>\n<meta property=\"og:locale\" content=\"fr_FR\" \/>\n<meta property=\"og:type\" content=\"article\" \/>\n<meta property=\"og:title\" content=\"Solutions de location et entretien de v\u00eatements - Anett\" \/>\n<meta property=\"og:description\" content=\"ANETT propose des solutions adapt\u00e9es de location et d&#039;entretien de v\u00eatements professionnels en fonction de votre secteur d&#039;activit\u00e9 et de vos besoins.\" \/>\n<meta property=\"og:url\" content=\"https:\/\/www.anett.fr\/index.php\/nos-prestations\/\" \/>\n<meta property=\"og:site_name\" content=\"Anett\" \/>\n<meta property=\"article:publisher\" content=\"https:\/\/www.facebook.com\/profile.php?id=100065673331976\" \/>\n<meta property=\"article:modified_time\" content=\"2025-04-03T15:03:56+00:00\" \/>\n<meta property=\"og:image\" content=\"https:\/\/www.anett.fr\/wp-content\/uploads\/2023\/05\/etoile.png\" \/>\n<meta name=\"twitter:card\" content=\"summary_large_image\" \/>\n<meta name=\"twitter:label1\" content=\"Dur\u00e9e de lecture estim\u00e9e\" \/>\n\t<meta name=\"twitter:data1\" content=\"3 minutes\" \/>\n<script type=\"application\/ld+json\" class=\"yoast-schema-graph\">{\"@context\":\"https:\\\/\\\/schema.org\",\"@graph\":[{\"@type\":\"WebPage\",\"@id\":\"https:\\\/\\\/www.anett.fr\\\/index.php\\\/nos-prestations\\\/\",\"url\":\"https:\\\/\\\/www.anett.fr\\\/index.php\\\/nos-prestations\\\/\",\"name\":\"Solutions de location et entretien de v\u00eatements - Anett\",\"isPartOf\":{\"@id\":\"https:\\\/\\\/www.anett.fr\\\/index.php\\\/#website\"},\"primaryImageOfPage\":{\"@id\":\"https:\\\/\\\/www.anett.fr\\\/index.php\\\/nos-prestations\\\/#primaryimage\"},\"image\":{\"@id\":\"https:\\\/\\\/www.anett.fr\\\/index.php\\\/nos-prestations\\\/#primaryimage\"},\"thumbnailUrl\":\"https:\\\/\\\/www.anett.fr\\\/wp-content\\\/uploads\\\/2023\\\/05\\\/etoile.png\",\"datePublished\":\"2023-05-25T09:17:15+00:00\",\"dateModified\":\"2025-04-03T15:03:56+00:00\",\"description\":\"ANETT propose des solutions adapt\u00e9es de location et d'entretien de v\u00eatements professionnels en fonction de votre secteur d'activit\u00e9 et de vos besoins.\",\"breadcrumb\":{\"@id\":\"https:\\\/\\\/www.anett.fr\\\/index.php\\\/nos-prestations\\\/#breadcrumb\"},\"inLanguage\":\"fr-FR\",\"potentialAction\":[{\"@type\":\"ReadAction\",\"target\":[\"https:\\\/\\\/www.anett.fr\\\/index.php\\\/nos-prestations\\\/\"]}]},{\"@type\":\"ImageObject\",\"inLanguage\":\"fr-FR\",\"@id\":\"https:\\\/\\\/www.anett.fr\\\/index.php\\\/nos-prestations\\\/#primaryimage\",\"url\":\"https:\\\/\\\/www.anett.fr\\\/wp-content\\\/uploads\\\/2023\\\/05\\\/etoile.png\",\"contentUrl\":\"https:\\\/\\\/www.anett.fr\\\/wp-content\\\/uploads\\\/2023\\\/05\\\/etoile.png\"},{\"@type\":\"BreadcrumbList\",\"@id\":\"https:\\\/\\\/www.anett.fr\\\/index.php\\\/nos-prestations\\\/#breadcrumb\",\"itemListElement\":[{\"@type\":\"ListItem\",\"position\":1,\"name\":\"Accueil\",\"item\":\"https:\\\/\\\/www.anett.fr\\\/index.php\\\/\"},{\"@type\":\"ListItem\",\"position\":2,\"name\":\"Nos prestations\"}]},{\"@type\":\"WebSite\",\"@id\":\"https:\\\/\\\/www.anett.fr\\\/index.php\\\/#website\",\"url\":\"https:\\\/\\\/www.anett.fr\\\/index.php\\\/\",\"name\":\"Anett\",\"description\":\"Nous portons chaque jour les valeurs de notre engagement\",\"publisher\":{\"@id\":\"https:\\\/\\\/www.anett.fr\\\/index.php\\\/#organization\"},\"alternateName\":\"Anett, Diff\u00e9rents par Nature\",\"potentialAction\":[{\"@type\":\"SearchAction\",\"target\":{\"@type\":\"EntryPoint\",\"urlTemplate\":\"https:\\\/\\\/www.anett.fr\\\/index.php\\\/?s={search_term_string}\"},\"query-input\":{\"@type\":\"PropertyValueSpecification\",\"valueRequired\":true,\"valueName\":\"search_term_string\"}}],\"inLanguage\":\"fr-FR\"},{\"@type\":\"Organization\",\"@id\":\"https:\\\/\\\/www.anett.fr\\\/index.php\\\/#organization\",\"name\":\"Anett\",\"alternateName\":\"Anett, Diff\u00e9rents par Nature\",\"url\":\"https:\\\/\\\/www.anett.fr\\\/index.php\\\/\",\"logo\":{\"@type\":\"ImageObject\",\"inLanguage\":\"fr-FR\",\"@id\":\"https:\\\/\\\/www.anett.fr\\\/index.php\\\/#\\\/schema\\\/logo\\\/image\\\/\",\"url\":\"https:\\\/\\\/www.anett.fr\\\/wp-content\\\/uploads\\\/2024\\\/02\\\/logo-anett-2024.png\",\"contentUrl\":\"https:\\\/\\\/www.anett.fr\\\/wp-content\\\/uploads\\\/2024\\\/02\\\/logo-anett-2024.png\",\"width\":696,\"height\":696,\"caption\":\"Anett\"},\"image\":{\"@id\":\"https:\\\/\\\/www.anett.fr\\\/index.php\\\/#\\\/schema\\\/logo\\\/image\\\/\"},\"sameAs\":[\"https:\\\/\\\/www.facebook.com\\\/profile.php?id=100065673331976\",\"https:\\\/\\\/www.linkedin.com\\\/company\\\/anett\\\/\"]}]}<\/script>\n<!-- \/ Yoast SEO plugin. -->","yoast_head_json":{"title":"Solutions de location et entretien de v\u00eatements - Anett","description":"ANETT propose des solutions adapt\u00e9es de location et d'entretien de v\u00eatements professionnels en fonction de votre secteur d'activit\u00e9 et de vos besoins.","robots":{"index":"index","follow":"follow","max-snippet":"max-snippet:-1","max-image-preview":"max-image-preview:large","max-video-preview":"max-video-preview:-1"},"canonical":"https:\/\/www.anett.fr\/index.php\/nos-prestations\/","og_locale":"fr_FR","og_type":"article","og_title":"Solutions de location et entretien de v\u00eatements - Anett","og_description":"ANETT propose des solutions adapt\u00e9es de location et d'entretien de v\u00eatements professionnels en fonction de votre secteur d'activit\u00e9 et de vos besoins.","og_url":"https:\/\/www.anett.fr\/index.php\/nos-prestations\/","og_site_name":"Anett","article_publisher":"https:\/\/www.facebook.com\/profile.php?id=100065673331976","article_modified_time":"2025-04-03T15:03:56+00:00","og_image":[{"url":"https:\/\/www.anett.fr\/wp-content\/uploads\/2023\/05\/etoile.png","type":"","width":"","height":""}],"twitter_card":"summary_large_image","twitter_misc":{"Dur\u00e9e de lecture estim\u00e9e":"3 minutes"},"schema":{"@context":"https:\/\/schema.org","@graph":[{"@type":"WebPage","@id":"https:\/\/www.anett.fr\/index.php\/nos-prestations\/","url":"https:\/\/www.anett.fr\/index.php\/nos-prestations\/","name":"Solutions de location et entretien de v\u00eatements - Anett","isPartOf":{"@id":"https:\/\/www.anett.fr\/index.php\/#website"},"primaryImageOfPage":{"@id":"https:\/\/www.anett.fr\/index.php\/nos-prestations\/#primaryimage"},"image":{"@id":"https:\/\/www.anett.fr\/index.php\/nos-prestations\/#primaryimage"},"thumbnailUrl":"https:\/\/www.anett.fr\/wp-content\/uploads\/2023\/05\/etoile.png","datePublished":"2023-05-25T09:17:15+00:00","dateModified":"2025-04-03T15:03:56+00:00","description":"ANETT propose des solutions adapt\u00e9es de location et d'entretien de v\u00eatements professionnels en fonction de votre secteur d'activit\u00e9 et de vos besoins.","breadcrumb":{"@id":"https:\/\/www.anett.fr\/index.php\/nos-prestations\/#breadcrumb"},"inLanguage":"fr-FR","potentialAction":[{"@type":"ReadAction","target":["https:\/\/www.anett.fr\/index.php\/nos-prestations\/"]}]},{"@type":"ImageObject","inLanguage":"fr-FR","@id":"https:\/\/www.anett.fr\/index.php\/nos-prestations\/#primaryimage","url":"https:\/\/www.anett.fr\/wp-content\/uploads\/2023\/05\/etoile.png","contentUrl":"https:\/\/www.anett.fr\/wp-content\/uploads\/2023\/05\/etoile.png"},{"@type":"BreadcrumbList","@id":"https:\/\/www.anett.fr\/index.php\/nos-prestations\/#breadcrumb","itemListElement":[{"@type":"ListItem","position":1,"name":"Accueil","item":"https:\/\/www.anett.fr\/index.php\/"},{"@type":"ListItem","position":2,"name":"Nos prestations"}]},{"@type":"WebSite","@id":"https:\/\/www.anett.fr\/index.php\/#website","url":"https:\/\/www.anett.fr\/index.php\/","name":"Anett","description":"Nous portons chaque jour les valeurs de notre engagement","publisher":{"@id":"https:\/\/www.anett.fr\/index.php\/#organization"},"alternateName":"Anett, Diff\u00e9rents par Nature","potentialAction":[{"@type":"SearchAction","target":{"@type":"EntryPoint","urlTemplate":"https:\/\/www.anett.fr\/index.php\/?s={search_term_string}"},"query-input":{"@type":"PropertyValueSpecification","valueRequired":true,"valueName":"search_term_string"}}],"inLanguage":"fr-FR"},{"@type":"Organization","@id":"https:\/\/www.anett.fr\/index.php\/#organization","name":"Anett","alternateName":"Anett, Diff\u00e9rents par Nature","url":"https:\/\/www.anett.fr\/index.php\/","logo":{"@type":"ImageObject","inLanguage":"fr-FR","@id":"https:\/\/www.anett.fr\/index.php\/#\/schema\/logo\/image\/","url":"https:\/\/www.anett.fr\/wp-content\/uploads\/2024\/02\/logo-anett-2024.png","contentUrl":"https:\/\/www.anett.fr\/wp-content\/uploads\/2024\/02\/logo-anett-2024.png","width":696,"height":696,"caption":"Anett"},"image":{"@id":"https:\/\/www.anett.fr\/index.php\/#\/schema\/logo\/image\/"},"sameAs":["https:\/\/www.facebook.com\/profile.php?id=100065673331976","https:\/\/www.linkedin.com\/company\/anett\/"]}]}},"_links":{"self":[{"href":"https:\/\/www.anett.fr\/index.php\/wp-json\/wp\/v2\/pages\/602","targetHints":{"allow":["GET"]}}],"collection":[{"href":"https:\/\/www.anett.fr\/index.php\/wp-json\/wp\/v2\/pages"}],"about":[{"href":"https:\/\/www.anett.fr\/index.php\/wp-json\/wp\/v2\/types\/page"}],"author":[{"embeddable":true,"href":"https:\/\/www.anett.fr\/index.php\/wp-json\/wp\/v2\/users\/5"}],"replies":[{"embeddable":true,"href":"https:\/\/www.anett.fr\/index.php\/wp-json\/wp\/v2\/comments?post=602"}],"version-history":[{"count":3,"href":"https:\/\/www.anett.fr\/index.php\/wp-json\/wp\/v2\/pages\/602\/revisions"}],"predecessor-version":[{"id":8059,"href":"https:\/\/www.anett.fr\/index.php\/wp-json\/wp\/v2\/pages\/602\/revisions\/8059"}],"wp:attachment":[{"href":"https:\/\/www.anett.fr\/index.php\/wp-json\/wp\/v2\/media?parent=602"}],"curies":[{"name":"wp","href":"https:\/\/api.w.org\/{rel}","templated":true}]}}